 are the prime factors of 25119?
3, 2791
List the prime factors of 2292.
2, 3, 191
What are the prime factors of 27589?
47, 587
What are the prime factors of 14759?
14759
List the prime factors of 113.
113
What are the prime factors of 295?
5, 59
What are the prime factors of 111058?
2, 55529
List the prime factors of 5609.
71, 79
What are the prime factors of 11264?
2, 11
List the prime factors of 1563.
3, 521
List the prime factors of 58937.
58937
What are the prime factors of 1498?
2, 7, 107
List the prime factors of 52104.
2, 3, 13, 167
List the prime factors of 5823.
3, 647
List the prime factors of 344.
2, 43
What are the prime factors of 8800?
2, 5, 11
List the prime factors of 53549.
53549
What are the prime factors of 27337?
27337
What are the prime factors of 1209?
3, 13, 31
What are the prime factors of 169016?
2, 37, 571
What are the prime factors of 72049?
109, 661
List the prime factors of 2947.
7, 421
What are the prime factors of 1794?
2, 3, 13, 23
What are the prime factors of 3234?
2, 3, 7, 11
List the prime factors of 2635.
5, 17, 31
What are the prime factors of 2060?
2, 5, 103
What are the prime factors of 6459?
3, 2153
What are the prime factors of 575?
5, 23
List the prime factors of 4437.
3, 17, 29
List the prime factors of 135.
3, 5
What are the prime factors of 13662?
2, 3, 11, 23
List the prime factors of 31260.
2, 3, 5, 521
What are the prime factors of 2649?
3, 883
List the prime factors of 11382.
2, 3, 7, 271
List the prime factors of 1405.
5, 281
List the prime factors of 4426.
2, 2213
What are the prime factors of 5781?
3, 41, 47
List the prime factors of 89341.
7, 12763
List the prime factors of 3774.
2, 3, 17, 37
What are the prime factors of 745?
5, 149
List the prime factors of 5306.
2, 7, 379
What are the prime factors of 1273?
19, 67
What are the prime factors of 14257?
53, 269
List the prime factors of 1709.
1709
What are the prime factors of 557?
557
What are the prime factors of 20992?
2, 41
List the prime factors of 84328.
2, 83, 127
What are the prime factors of 7463?
17, 439
List the prime factors of 995.
5, 199
List the prime factors of 5103.
3, 7
List the prime factors of 51758.
2, 7, 3697
What are the prime factors of 2092?
2, 523
List the prime factors of 19733.
7, 2819
What are the prime factors of 2655?
3, 5, 59
List the prime factors of 8975.
5, 359
What are the prime factors of 5216?
2, 163
List the prime factors of 41535.
3, 5, 13, 71
What are the prime factors of 1382?
2, 691
List the prime factors of 38879.
17, 2287
List the prime factors of 913.
11, 83
List the prime factors of 148117.
73, 2029
List the prime factors of 715.
5, 11, 13
List the prime factors of 2725.
5, 109
What are the prime factors of 14130?
2, 3, 5, 157
What are the prime factors of 1031?
1031
List the prime factors of 164359.
13, 47, 269
What are the prime factors of 5803?
7, 829
List the prime factors of 1562.
2, 11, 71
List the prime factors of 18644.
2, 59, 79
List the prime factors of 513.
3, 19
What are the prime factors of 122421?
3, 13, 43, 73
List the prime factors of 2819.
2819
List the prime factors of 20401.
23, 887
List the prime factors of 28975.
5, 19, 61
List the prime factors of 1463.
7, 11, 19
List the prime factors of 90413.
23, 3931
List the prime factors of 30458.
2, 97, 157
What are the prime factors of 102142?
2, 51071
What are the prime factors of 5217?
3, 37, 47
What are the prime factors of 8421?
3, 7, 401
What are the prime factors of 6168?
2, 3, 257
List the prime factors of 18196.
2, 4549
What are the prime factors of 11372?
2, 2843
What are the prime factors of 4553?
29, 157
List the prime factors of 30373.
7, 4339
List the prime factors of 66396.
2, 3, 11, 503
What are the prime factors of 7778?
2, 3889
What are the prime factors of 6612?
2, 3, 19, 29
What are the prime factors of 35142?
2, 3, 5857
What are the prime factors of 629?
17, 37
List the prime factors of 7060.
2, 5, 353
What are the prime factors of 63756?
2, 3, 7, 11, 23
List the prime factors of 69484.
2, 29, 599
What are the prime factors of 6485?
5, 1297
List the prime factors of 1684.
2, 421
What are the prime factors of 33327?
3, 7, 23
What are the prime factors of 17184?
2, 3, 179
List the prime factors of 8928.
2, 3, 31
What are the prime factors of 6125?
5, 7
List the prime factors of 89381.
89381
What are the prime factors of 1179?
3, 131
List the prime factors of 1350.
2, 3, 5
List the prime factors of 1354.
2, 677
What are the prime factors of 9940?
2, 5, 7, 71
List the prime factors of 7946.
2, 29, 137
List the prime factors of 32322.
2, 3, 5387
List the prime factors of 14943.
3, 17, 293
List the prime factors of 2055.
3, 5, 137
What are the prime factors of 20749?
20749
List the prime factors of 22594.
2, 11, 13, 79
What are the prime factors of 16333?
16333
List the prime factors of 4972.
2, 11, 113
List the prime factors of 81866.
2, 40933
What are the prime factors of 27211?
27211
List the prime factors of 8362.
2, 37, 113
List the prime factors of 19721.
13, 37, 41
List the prime factors of 46371.
3, 13, 29, 41
List the prime factors of 961.
31
What are the prime factors of 29113?
7, 4159
What are the prime factors of 4562?
2, 2281
List the prime factors of 12273.
3, 4091
What are the prime factors of 1143?
3, 127
List the prime factors of 84217.
7, 53, 227
List the prime factors of 271.
271
What are the prime factors of 390?
2, 3, 5, 13
List the prime factors of 67809.
3, 7, 3229
What are the prime factors of 932?
2, 233
List the prime factors of 7401.
3, 2467
What are the prime factors of 3056?
2, 191
What are the prime factors of 50821?
50821
List the prime factors of 29.
29
What are the prime factors of 6729?
3, 2243
What are the prime factors of 296?
2, 37
What are the prime factors of 827?
827
List the prime factors of 2150.
2, 5, 43
What are the prime factors of 5518?
2, 31, 89
What are the prime factors of 4212?
2, 3, 13
What are the prime factors of 358?
2, 179
List the prime factors of 56685.
3, 5, 3779
List the prime factors of 21589.
21589
What are the prime factors of 208?
2, 13
What are the prime factors of 2150?
2, 5, 43
What are the prime factors of 975?
3, 5, 13
List the prime factors of 5370.
2, 3, 5, 179
What are the prime factors of 4543?
7, 11, 59
What are the prime factors of 1801?
1801
What are the prime factors of 22415?
5, 4483
List the prime factors of 30227.
167, 181
What are the prime factors of 2549?
2549
What are the prime factors of 67446?
2, 3, 1249
List the prime factors of 839.
839
List the prime factors of 2100.
2, 3, 5, 7
What are the prime factors of 47557?
19, 2503
List the prime factors of 917.
7, 131
List the prime factors of 2817.
3, 313
List the prime factors of 5641.
5641
What are the prime factors of 3940?
2, 5, 197
What are the prime factors of 25399?
11, 2309
List the prime factors of 12905.
5, 29, 89
List the prime factors of 6051.
3, 2017
List the prime factors of 1804.
2, 11, 41
What are the prime factors of 3719?
3719
List the prime factors of 5756.
2, 1439
List the prime factors of 702.
2, 3, 13
List the prime factors of 3896.
2, 487
List the prime factors of 39982.
2, 19991
List the prime factors of 6896.
2, 431
What are the prime factors of 30526?
2, 15263
List the prime factors of 5228.
2, 1307
List the prime factors of 6182.
2, 11, 281
What are the prime factors of 1808?
2, 113
List the prime factors of 37998.
2, 3, 2111
List the prime factors of 37742.
2, 113, 167
What are the prime factors of 8492?
2, 11, 193
What are the prime factors of 1027?
13, 79
List the prime factors of 9649.
9649
List the prime factors of 104906.
2, 52453
List the prime factors of 1681.
41
List the prime factors of 4143.
3, 1381
List the prime factors of 65880.
2, 3, 5, 61
List the prime factors of 5066.
2, 17, 149
What are the prime factors of 4738?
2, 23, 103
List the prime factors of 2269.
2269
List the prime factors of 830.
2, 5, 83
What are the prime factors of 814?
2, 11, 37
List the prime factors of 1996.
2, 499
What are the prime factors of 916?
2, 229
List the prime factors of 1060.
2, 5, 53
What are the prime factors of 17377?
17377
What are the prime factors of 1540?
2, 5, 7, 11
List the prime factors of 1337.
7, 191
What are the prime factors of 48986?
2, 7, 3499